, 4*r + 266 = -3*o + 976. What is the units digit of o?
2
Let a = 597 - 244. What is the units digit of a?
3
Let s = 196 - 111. Suppose 6*l = 5*l + 5. Suppose 2*k + 3*k - 90 = l*u, -5*k + 4*u + s = 0. What is the units digit of k?
3
Let k be (29 + -6)/((-1)/(-50)). Suppose a = -2, 4*a = 5*o + 9*a - k. What is the tens digit of o?
3
Suppose -12*k + 665 = -17*k. Let i = -75 - k. What is the units digit of i?
8
Let n = 33 - 17. Suppose 3*f + 0*b = b + 20, -n = -4*b. What is the units digit of f?
8
Suppose -2 + 6 = 2*x. Suppose 5*c + 2*j - 693 = 0, c + 141 = x*c + j. What is the tens digit of c?
3
Let y(n) = -20*n - 12. Let a be y(-3). Suppose -33 = -q + a. What is the tens digit of q?
8
Suppose -3*n + 3*r = 66 - 9, -2*n - r = 35. Let a(i) = -9 - 5 + 0*i**2 - 23*i - i**3 - 19*i**2. What is the units digit of a(n)?
6
Suppose 38340 = 14*p + 2528. What is the tens digit of p?
5
Suppose 4*x + 24817 = 27*x. What is the hundreds digit of x?
0
Let k = 324 - 200. Suppose -18*u + k - 16 = 0. What is the units digit of u?
6
Let r be (-542)/14 - (-4)/(-14). Let c = 146 + r. What is the units digit of c?
7
Let m be 280/36 + (-2)/(-9). Let f(c) = -2*c**2 - 11*c + 6. Let o be f(m). What is the tens digit of o/(-9) + 4/6?
2
Suppose 0*w + 2*w + l = 35, 3*w + 5*l = 42. Let n(f) = f. Let v be n(4). Suppose -v*b = -w - 33. What is the units digit of b?
3
Let h = 25 - -2. Let q = -22 + h. What is the units digit of 44 + 7 + (1 - q)?
7
Suppose q + 4*b = 96, 0 = -5*q + b + 3*b + 384. Suppose 28 = x - 3*k, -3*x - 2*x = 5*k - q. Suppose 17 = a - x. What is the tens digit of a?
3
Suppose 9*q = 6*q + 6. Suppose o = q + 3. Suppose c - 23 = o*s + 22, 0 = 5*c + 4*s - 254. What is the units digit of c?
0
Let q(v) = -35*v + 216. What is the tens digit of q(-40)?
1
Suppose -3*b = -5*x - 329, -4*b + 0*x - 5*x + 427 = 0. Suppose -4*z = -z - b. What is the units digit of z?
6
Suppose -32114 = -22*i + 23502. What is the tens digit of i?
2
Suppose 4*s + 8 = 136. Let g = -21 + s. What is the tens digit of g?
1
Let z(c) = -c**2 + 6*c + 9. Let w be z(7). Suppose 3*u - 71 = -l, -5*u + 137 = -l - w*l. What is the units digit of u?
5
Let c(y) = 139*y - 39. What is the tens digit of c(7)?
3
Suppose 46*w - 260338 = -16*w. What is the tens digit of w?
9
Let i be (1 + -1 + 6)*4. Let a be (0 - -6) + (-56)/((-16)/(-4)). Let x = a + i. What is the tens digit of x?
1
Suppose 30*h - 11*h - 21242 = 0. What is the units digit of h?
8
Let u(v) be the third derivative of -19*v**4/24 + v**3/3 - 5*v**2. Let s be u(-1). Suppose 4*y = s + 19. What is the tens digit of y?
1
What is the thousands digit of ((-32)/1)/(16/(-672))?
1
What is the hundreds digit of 4/2*34/16*332?
4
Let y(m) = m**3 + 3*m**2 - m - 1. Suppose -3 = -p + 2*p. Let q be y(p). Suppose 36 = q*r - 34. What is the units digit of r?
5
Let r = 220 + -333. Let p = -51 - r. What is the tens digit of p?
6
Let t = 48 - 39. Let m(f) = f**2 + f + 12. What is the hundreds digit of m(t)?
1
Let b(f) = f + 17. Let h be b(-12). Suppose 0*w - w - 4*t = -115, h*t = -5*w + 500. What is the tens digit of w?
9
Suppose -4*u - 50 = 3*v, 0*v - 2*v = -3*u - 46. Let l = 28 + u. What is the units digit of l?
4
Let c(b) = 1. Let l(y) = -8*y + 4. Let a(w) = -5*c(w) + l(w). Let p be a(-1). Suppose p*z = -40 + 334. What is the tens digit of z?
4
Let l(i) = 366*i - 41. What is the hundreds digit of l(2)?
6
Suppose 4 = j + 14. Let y = -10 - j. Suppose -2*l = 0, y*u - 2*u + 138 = -2*l. What is the units digit of u?
9
Let j = -393 + 836. What is the hundreds digit of j?
4
What is the hundreds digit of ((-4532)/(-11))/(1/2)?
8
Suppose -3 - 1 = 2*m, 4*m = -4*y. Suppose -4 = -5*g + 3*r, -y*g - 3*r - r + 12 = 0. Suppose 5*h - x = 264, h - g*x - 268 = -4*h. What is the tens digit of h?
5
Suppose -10*h = -2*h - 1880. Let m = 366 - h. What is the units digit of m?
1
Let c = -118 + 148. Let p(q) = -q**3 - q**2 - q - 1. Let z be p(-2). What is the units digit of z/(-2)*(-24)/c?
2
Suppose 3 = -7*f + 52. Let h be 2/(0 + 4/14). Let n = f + h. What is the tens digit of n?
1
Suppose 0 = 26*m - 28*m - 36. Let n(s) = s**3 + 20*s**2 + 24*s + 26. What is the units digit of n(m)?
2
Let q(r) = 33*r**2 + 41*r + 17. What is the hundreds digit of q(-6)?
9
What is the hundreds digit of 5*(-8)/(-6)*(-25794)/(-60)?
8
Let d(c) = -7*c + 1. Let z(b) = -13*b + 3. Let u(m) = 11*d(m) - 6*z(m). What is the units digit of u(8)?
1
Let o be -3 - -2 - (2 - 2). Let a(w) = -w**3 + 6*w**2 - 4*w + 1. Let l be a(4). Let s = l - o. What is the tens digit of s?
1
Suppose 2 = -c - h, -4*c + 2*h = -3*c - 4. Let x be c - -6*4/8. Suppose 3*p = 2*p + x. What is the units digit of p?
3
Suppose -50*b + 69 = -47*b. Let l(s) = 5*s - 53. What is the tens digit of l(b)?
6
Let j be 99/(-30)*-2 - 4/(-10). Suppose -5*y + 924 = j*y. What is the tens digit of y?
7
Let g = -5830 - -8731. What is the thousands digit of g?
2
Let b = 1064 - 339. What is the tens digit of b?
2
What is the hundreds digit of ((-572)/(-10))/(39/195)?
2
Suppose u = -2*j + 3*j + 55, 4*u = 5*j + 225. Let t = u + 192. What is the hundreds digit of t?
2
Let u(l) = l**3 + 2*l**2 - l + 1. Let s be u(-2). Let h(p) = -p**2 + 3*p + 4. Let x be h(s). What is the tens digit of ((-32)/2)/(x/(-12))?
4
Let d be 28/(-182) - 2/(-13). Let o(t) = -2*t + 100. What is the units digit of o(d)?
0
Suppose a + 3 = -6. Let z = a - -9. What is the tens digit of -57*(z - (-4)/(-6))?
3
Suppose 4*h + b + 453 + 359 = 0, 0 = h + 5*b + 222. Let f = -104 - h. What is the units digit of f?
8
Suppose 456 = 5*j + 2*r, 4*r = -3*j + 7*r + 282. What is the units digit of j?
2
Suppose -p + 1 + 1 = 0. Suppose -5*c + 15 - 5 = 0, -3*u = -3*c - 30. Suppose -p*t + u = -t. What is the units digit of t?
2
Suppose -1231 + 231 = 10*v. Let l = 115 + v. What is the units digit of l?
5
Let a = 14 + -11. Suppose 3*r + 5*i = 153, -a*i = -5*i. What is the tens digit of r?
5
Suppose -y + 3*v = 1, -5*y - 3*v - v + 33 = 0. Suppose x + 8 = -7*w + 2*w, y*x = w + 12. Suppose r + 0*r = x. What is the units digit of r?
2
Let c be 525/(-70)*(-4)/10*-8. Let h(r) = -4*r - 58. What is the units digit of h(c)?
8
Let v(h) = h**3 + 7*h**2 + 2 + h - 24*h + 6*h + 9*h. What is the units digit of v(-7)?
8
Let w(b) = -4*b**2 + 6*b + 0 - 6 - b**3 - b**2 + 2*b**3. Let q be w(4). Suppose q*u + 2*u = 96. What is the units digit of u?
4
Let y be (-3)/9 + 29/(-3). Let l = y + 14. Suppose -2*g + l*d + 9 = -67, -5*d = 5*g - 265. What is the units digit of g?
8
Suppose 2*j - 2 - 2 = -2*u, -j = -3*u + 6. Suppose s + j = 66. What is the tens digit of s?
6
Suppose 4*c - 3*g = -6*g + 7, 0 = c + 3*g - 13. What is the tens digit of 23954/126 + c/18?
9
Let p = 38 + -35. Suppose -2*b - 60 + 244 = -4*s, p*b = -5*s + 243. What is the units digit of b?
6
Let z(c) be the first derivative of -c**2 - 2*c - 34. Let w = -7 + 5. What is the units digit of z(w)?
2
Let k(l) = 2*l**2 + 68*l + 108. What is the thousands digit of k(-49)?
1
Let m = -740 + 1373. What is the hundreds digit of m?
6
Suppose 0 = -4*c - 4*r - 16, -3*c - 4*r - 10 = -c. What is the tens digit of (0 - c) + (2 - (-203 - -3))?
0
Let a(n) = 44*n**2 - 12*n + 22. What is the tens digit of a(2)?
7
Let m = -4 - -7. Let w(o) = -13*o + 2 + 2 - m - o**2 + 3. What is the units digit of w(-13)?
4
Let z(p) = p**3 - 17*p**2 + 3. Let f be z(17). Suppose y + 292 = 5*i, y - 2*y + 180 = f*i. What is the tens digit of i?
5
Let y(c) = 2*c**2 + 15*c - 3. Suppose 4*t = 3*z - 29, 5*t - 3*z + 4*z = -60. What is the units digit of y(t)?
4
Suppose 41 = -k - 4. Let m = 137 + k. Suppose m = z + 3*z. What is the units digit of z?
3
Let f(l) = -l**3 + 4*l**2 - 3*l - 9. Let d be f(6). Let z = 170 + d. What is the tens digit of z?
7
What is the units digit of 39/(7/((-1050)/(-18)))?
5
Let n(c) = -c**3 - 8*c**2 - 2*c + 5. Let m be (-1)/(-3)*3 - (-20)/(-2). What is the units digit of n(m)?
4
What is the hundreds digit of (297/(-108))/(1/(-132))?
3
Let r(p) = 2*p + 25. Let x be r(-11). Suppose -3*m - 132 = -x*d, 3*m - 40 = -d - 0*m. What is the tens digit of d?
4
Let v(y) = 3*y + 7. Let d(q) = -q - 3. Let i(m) = -5*d(m) - 2*v(m). Let p(b) = 7*b - 12. Let x(t) = 3*i(t) + p(t). What is the units digit of x(5)?
1
Suppose 0 = 3*f + 15, -2 = 5*w - 4*f + 8. Let o be (-901)/w + 7/(-42). Suppose -3*x + 150 = 2*y, -o = -x - 2